he units digit of g?
8
Suppose 4*r - 141 = -4*i + 59, 4*i + r - 200 = 0. What is the units digit of i?
0
Let m(o) = -o - 2. Let l be m(-8). Let u(f) = f**2 - 7*f + 4. Let g be u(l). What is the units digit of (-9)/g*2 - 1?
8
Let r(p) = p**3 + p**2 - 2*p - 1. What is the units digit of r(4)?
1
Let c(q) = -4*q**3 + q**2 + 2*q + 3. Let j(f) = -f**3 + 1. Let o(y) = c(y) - 5*j(y). Let l be o(-3). Let x = -13 - l. What is the tens digit of x?
1
Let d be 368/24 + 4/6. What is the tens digit of 8/3*132/d?
2
Suppose 2*n = n + 69. Suppose -19 = -4*c + n. What is the tens digit of c?
2
Suppose -8*g + 7*g + 34 = 0. What is the units digit of g?
4
Let c(k) = -k**3 + 8*k**2 - 5*k + 4. Let x = -8 - -11. What is the units digit of c(x)?
4
Let u(k) = -k**3 + 11*k**2 - 9*k + 3. Let v be u(10). Suppose -3*r = -s + v, 0 = 5*s + 2*r - 6*r - 98. What is the tens digit of s?
2
Let z = 181 - 119. What is the tens digit of z?
6
Suppose -5*g = -5*c - 10, 6 = -4*g - 4*c + c. Suppose -3*k + 36 = -g. What is the units digit of k?
2
Let t = 2 - -7. Let d = 14 - t. What is the units digit of d?
5
Let g = 28 + -4. Let t = g - 16. Suppose -t + 38 = 3*d. What is the tens digit of d?
1
What is the tens digit of 45/(-2)*96/(-60)?
3
Suppose 62 = 5*i + 3*c, 2*c + 43 = 3*i - 2*c. What is the units digit of i?
3
Let o(p) = -9*p + 8. Let z be o(-7). Suppose -5*l + z - 11 = 0. What is the units digit of l?
2
Let q(r) = -r**2 + 34*r - 28. What is the units digit of q(12)?
6
Let a(f) = 7*f**2 + 7*f + 12. What is the tens digit of a(-3)?
5
Let o(a) = -5 + 6*a - 2*a + a + 1 + 2*a**2. Let m be o(3). Suppose 0 = -3*g - j + m, -j - 7 = -3*g + 24. What is the tens digit of g?
1
Let j be 32 - 2/(-2) - 2. Suppose -3*r + 5*o + 6 = 3*o, -5*o + j = 4*r. Suppose -c - 2 + r = 0. What is the units digit of c?
2
Let q = 594 - 345. What is the units digit of q?
9
Suppose 7*d = 4*d + 63. Suppose -5*q + d = 2*c, -5 = -3*q - 5*c - 0. Suppose q*f - 2 - 3 = 0. What is the units digit of f?
1
Suppose 19 = g - 27. What is the tens digit of g?
4
Let n = 82 + -12. What is the tens digit of n?
7
Let o = 3 + 0. What is the tens digit of (-1)/(o/(-66)*1)?
2
Suppose 0*f = 5*f - 290. What is the units digit of f?
8
Let s be -8 - -13 - (-1 + 0). Suppose 0*c = s*c - 72. What is the tens digit of c?
1
Let l(u) = 5*u - 2*u - u - 6 + 7*u. What is the tens digit of l(2)?
1
Suppose -2 = -5*n - 4*l + 5, 5*n - 25 = 5*l. Let a be -4 - -4 - (-5 + 1). Let f = a - n. What is the units digit of f?
1
Let m(a) = -3*a - 14. Let d be m(-10). Suppose -n + 3 = -2*n, d = o - 4*n. What is the units digit of o?
4
Suppose -4*y = 3*n - 44, -2*y - 5*n + 18 = -18. Suppose 5*f - y = 62. What is the units digit of f?
4
Let m be 3/(-2)*190/(-15). Suppose 0 = -3*y + 5*f + 20 + 3, -5*f = y + m. What is the units digit of y?
1
Let o(v) = 2*v - 2. Let c = -31 + 21. Let y be (-54)/c - 6/15. What is the units digit of o(y)?
8
Let c(i) = -5*i**2 + 1. Let p be c(1). Suppose z = 4*z - 24. Let g = p + z. What is the units digit of g?
4
Suppose 131 = 5*r + 21. What is the tens digit of r?
2
Suppose 5*c - 2*l = 58, 0 = -2*c - 2*l + 15 - 3. What is the units digit of 24/c + 6/(-15)?
2
Suppose 4*b + 171 = 7*b. What is the tens digit of b?
5
Let i = -4 + 8. What is the units digit of i/(-7) - 348/(-21)?
6
Suppose -6*o + 90 = -4*o. Let z = o - 26. What is the tens digit of z?
1
Let x(z) = -z - 4 + 0 - 2*z + z. Let m be x(-4). Suppose -2*d + 7 = 3*u - m, -u - 5 = 0. What is the tens digit of d?
1
Suppose -25*d + d = -6600. What is the hundreds digit of d?
2
Let m(u) = -u**2 - 8*u - 5. Let l be m(-5). Suppose -l = -5*t, 3*y - 52 = t - 0*t. What is the units digit of y?
8
Let r(j) = -j**2 + 4*j - 1. Let w be r(5). Let t(v) = -3*v - 9. What is the units digit of t(w)?
9
Let f be 1 + 3/((-3)/(-8)). Let u(o) = o + 4. What is the units digit of u(f)?
3
Suppose 2*n + 10 = 4*n. Suppose -5*c = 5*t - 4*c - 42, n*c - 2 = t. Let d = 22 - t. What is the tens digit of d?
1
What is the tens digit of -12*5/(80/(-28))?
2
Let h = -79 + 199. What is the units digit of h?
0
Let w = -16 + 84. What is the tens digit of w?
6
Let g = 636 - 448. What is the units digit of g?
8
Let d(l) = -9*l - 48. What is the tens digit of d(-22)?
5
Suppose 4*n - 16 = 0, -5*m + 0*n + n + 1 = 0. Let z = 16 - m. Suppose 4 = -g + z. What is the units digit of g?
1
Let j be (-3)/((-3)/(-1 - 2)). Let u = 1 - j. What is the units digit of u?
4
What is the units digit of -3 + 1 + 1 + 43?
2
Let d(u) = -u**3 + 11*u**2 - 9*u - 7. Let b be d(9). Suppose -b = -4*r + 98. What is the tens digit of r?
4
Let g be 0*(-2 + 3)*1. Suppose -2*b + g*b = 0. Suppose b = 2*m - 7*m + 75. What is the tens digit of m?
1
Suppose 0 = 3*r - 18 - 99. Suppose r - 12 = 3*w. What is the units digit of w?
9
Let r be 8 - 1/(1/2). Suppose 0 = 4*p - 58 - r. What is the tens digit of p?
1
Let n(v) = -3*v - 3. What is the units digit of n(-14)?
9
Let r be 39/1*(2 - 3). Let o = r + 65. Suppose -3*q - 2 = -o. What is the units digit of q?
8
Let d = -67 + 71. What is the units digit of d?
4
What is the tens digit of (4 + 0 + -3)*75?
7
Suppose 15*w = 12*w + 57. What is the tens digit of w?
1
Let t(z) = -2*z**3 + z**2 - 2*z. Suppose 10 = 2*b - 7*b. What is the tens digit of t(b)?
2
Suppose v + 82 = 3*v. Let a = 11 + v. What is the units digit of a?
2
Suppose -g + 4*g = 0. Let p(c) = -c**3 + 5*c**2 + 7*c - 3. Let y be p(6). Suppose -y*x + 0*x + 51 = g. What is the tens digit of x?
1
Suppose 0 = 5*i + z - 15, -4*z - 15 = -z. Let m(y) = -y**2 + 2. Let r be m(0). Suppose 4*l + 15 = -i*a - 1, -5*l - r*a - 5 = 0. What is the units digit of l?
1
Let x(j) = -6*j - 32. What is the units digit of x(-8)?
6
Let i(t) = t**2. Let j be i(0). Suppose -f + 5*x + 5 = 3*x, -4*f - 3*x - 13 = 0. What is the units digit of 13 + (j + 2)/f?
1
Let d(t) = 16*t**2 + 10*t + 1. What is the hundreds digit of d(-3)?
1
Let i = 20 - 14. Let j(g) = g**3 - 5*g**2 - 6*g - 6. Let z be j(i). What is the units digit of (2/3)/(z/(-27))?
3
Suppose 0 = -7*o - 4*o + 781. What is the tens digit of o?
7
Suppose -3*z = g + g - 191, -4*z = -2*g - 236. Let o = z + -41. What is the tens digit of o?
2
Let x = -138 - -259. What is the hundreds digit of x?
1
Suppose -4 = -w, -54 - 1 = 3*q - 4*w. Suppose 2*d = 3*o - 10, 12 = -4*d + 3*o - 14. Let b = d - q. What is the units digit of b?
5
Let t = 166 + -115. What is the units digit of t?
1
Let y(u) = -2*u**2 - 1. Let g be y(4). Let p = g + 58. What is the tens digit of p?
2
Let h(m) = -6*m - 7. Let i(x) = -x - 1. Let v(b) = -h(b) + 5*i(b). Let l(j) = 2*j**2 + 4*j + 3. Let z be l(-2). What is the units digit of v(z)?
5
Suppose 0 = -5*k + 16 + 4. Let m(a) be the third derivative of a**4/8 + 5*a**3/6 - 20*a**2. What is the tens digit of m(k)?
1
Let a be (-3 + 0)*(-10 + -1). Suppose -3*l + a = -90. What is the tens digit of l?
4
Let i = 9 + -7. Let a be (12/(-2))/i - -7. Suppose -8*z + 64 = -a*z. What is the tens digit of z?
1
Suppose -5*x = 4*k + 5, 0*k + 3*x + 3 = -5*k. Let i(h) = 4*h**2. Let l be i(1). Suppose l*a = 12, -3*a = -g - k*a. What is the units digit of g?
9
Let z = 1 + 1. What is the tens digit of z/11 - (-324)/33?
1
Let r(b) = -b**3 + 3*b**2 + 2*b. What is the units digit of r(2)?
8
Let z(p) = -2*p. Let t be z(1). Let b(w) = -w - 2. Let n be b(t). Let f = n + 7. What is the units digit of f?
7
Suppose -6*t + 3*t + 15 = 0. Suppose 0 = -t*z + 2*z + 51. What is the units digit of z?
7
Let z(s) = -4*s**3 - 40*s**2 - 14*s + 6. What is the tens digit of z(-10)?
4
Suppose -3 = -0*x - 2*x - 3*b, x = -b. Let n = x + 13. What is the tens digit of n?
1
Suppose -5*c = 13 + 7. Let a = -2 - c. What is the tens digit of ((-40)/(-12))/(a/6)?
1
Let i(n) = n**2 + 4*n + 4. Let s(t) = 7*t + 1. Let y be (-4)/5 - 3/15. Let z be s(y). What is the tens digit of i(z)?
1
Let c = 5 + -7. What is the units digit of 2*((-5)/c + -1)?
3
Let k(t) = -t**3 + 4*t**2 - 3*t + 3. Let w be 3 + -2 - 2*-1. Suppose -2*h - w = -3*h. What is the units digit of k(h)?
3
Suppose 5*n + 0 = -k + 5, 0 = -2*n + 4*k - 20. Suppose n = 2*l - l. Suppose l*b - 9 = -b. What is the units digit of b?
9
Let u = 34 - 17. Suppose 0 = 5*s - o - u, -3*o + 13 = -0*s + s. Suppose 2*a - s*a + 4 = 0. What is the units digit of a?
2
Let f = 9 - 5. Suppose f*s + 26 = 110. What is the units digit of (s/(